t is the hundred thousands digit of 696111785?
1
What is the ten thousands digit of 161200663?
0
What is the thousands digit of 92241681?
1
What is the thousands digit of 41767351?
7
What is the millions digit of 11237763?
1
What is the tens digit of 1553492026?
2
What is the ten thousands digit of 227587876?
8
What is the units digit of 264388220?
0
What is the hundred millions digit of 271555735?
2
What is the ten millions digit of 398696480?
9
What is the ten thousands digit of 34721290?
2
What is the hundred millions digit of 191095784?
1
What is the hundred thousands digit of 97185244?
1
What is the tens digit of 318839926?
2
What is the hundreds digit of 106242018?
0
What is the thousands digit of 376190961?
0
What is the hundreds digit of 2295257282?
2
What is the millions digit of 34776010?
4
What is the tens digit of 99811828?
2
What is the millions digit of 18312126?
8
What is the ten thousands digit of 92293102?
9
What is the hundreds digit of 2297877699?
6
What is the hundred thousands digit of 677612015?
6
What is the thousands digit of 35005800?
5
What is the tens digit of 3452542?
4
What is the units digit of 53899197?
7
What is the hundreds digit of 117588766?
7
What is the tens digit of 30793460?
6
What is the units digit of 176112434?
4
What is the units digit of 1281205745?
5
What is the units digit of 140660699?
9
What is the ten millions digit of 18922935?
1
What is the units digit of 359430221?
1
What is the hundred thousands digit of 7909491859?
4
What is the units digit of 266343808?
8
What is the hundred thousands digit of 314938539?
9
What is the thousands digit of 188465386?
5
What is the hundred millions digit of 323250334?
3
What is the billions digit of 1582719684?
1
What is the ten thousands digit of 20869141?
6
What is the hundreds digit of 1162831825?
8
What is the tens digit of 182135962?
6
What is the thousands digit of 35970960?
0
What is the hundred thousands digit of 33719317?
7
What is the hundred millions digit of 406692584?
4
What is the hundred thousands digit of 10615315?
6
What is the millions digit of 36535477?
6
What is the millions digit of 945683012?
5
What is the hundreds digit of 922769656?
6
What is the tens digit of 443181327?
2
What is the hundreds digit of 653287745?
7
What is the millions digit of 1073733949?
3
What is the tens digit of 218950793?
9
What is the ten thousands digit of 15089844?
8
What is the millions digit of 24168278?
4
What is the ten millions digit of 1230135293?
3
What is the ten millions digit of 1185618361?
8
What is the millions digit of 3323299?
3
What is the ten millions digit of 364928467?
6
What is the thousands digit of 81012932?
2
What is the millions digit of 1212347?
1
What is the hundreds digit of 184119650?
6
What is the tens digit of 1304466888?
8
What is the hundreds digit of 2404720949?
9
What is the ten thousands digit of 33256865?
5
What is the tens digit of 4393457290?
9
What is the ten millions digit of 29462895?
2
What is the tens digit of 104775819?
1
What is the hundred millions digit of 1438667000?
4
What is the hundreds digit of 269837076?
0
What is the thousands digit of 111314842?
4
What is the units digit of 1237966819?
9
What is the units digit of 131557774?
4
What is the millions digit of 106560002?
6
What is the ten millions digit of 2284390997?
8
What is the tens digit of 52612158?
5
What is the hundreds digit of 43507304?
3
What is the ten thousands digit of 98867248?
6
What is the hundred thousands digit of 125011927?
0
What is the units digit of 573953460?
0
What is the ten thousands digit of 13895251?
9
What is the millions digit of 205047405?
5
What is the millions digit of 1382492522?
2
What is the hundred thousands digit of 106322199?
3
What is the thousands digit of 117682356?
2
What is the tens digit of 4042409030?
3
What is the tens digit of 479607841?
4
What is the tens digit of 256063034?
3
What is the ten thousands digit of 3112764?
1
What is the ten thousands digit of 578861765?
6
What is the thousands digit of 48328424?
8
What is the hundred thousands digit of 309625035?
6
What is the ten millions digit of 1476504605?
7
What is the ten millions digit of 575769951?
7
What is the hundred thousands digit of 89007022?
0
What is the thousands digit of 1513655018?
5
What is the thousands digit of 2229666813?
6
What is the billions digit of 1071861287?
1
What is the thousands digit of 51563178?
3
What is the ten millions digit of 2616677357?
1
What is the ten millions digit of 404107243?
0
What is the ten millions digit of 4891471228?
9
What is the thousands digit of 109778291?
8
What is the ten thousands digit of 908409559?
0
What is the thousands digit of 314783705?
3
What is the hundreds digit of 1303587353?
3
What is the units digit of 250048340?
0
What is the units digit of 1504161821?
1
What is the ten thousands digit of 40552489?
5
What is the hundreds digit of 90048368?
3
What is the hundred thousands digit of 62673474?
6
What is the units digit of 47326648?
8
What is the ten thousands digit of 926074660?
7
What is the hundred thousands digit of 51530366?
5
What is the hundreds digit of 1471517331?
3
What is the billions digit of 5295917563?
5
What is the hundreds digit of 1591662986?
9
What is the ten millions digit of 117018400?
1
What is the ten millions digit of 38474701?
3
What is the ten thousands digit of 453141170?
4
What is the tens digit of 44470614?
1
What is the tens digit of 2233335515?
1
What is the hundreds digit of 402403288?
2
What is the hundreds digit of 2886330342?
3
What is the hundred thousands digit of 14780120?
7
What is the thousands digit of 211422974?
2
What is the thousands digit of 420683637?
3
What is the hundreds digit of 4582038410?
4
What is the units digit of 69414689?
9
What is the tens digit of 229402279?
7
What is the hundreds digit of 90556448?
4
What is the hundreds digit of 61723086?
0
What is the millions digit of 130684624?
0
What is the millions digit of 10501480?
0
What is the hundreds digit of 6743105588?
5
What is the ten millions digit of 896022308?
9
What is the millions digit of 10664819?
0
What is the hundred thousands digit of 250711568?
7
What is the tens digit of 19295470?
7
What is the thousands digit of 9500493?
0
What is the thousands digit of 127705204?
5
What is the units digit of 12782296?
6
What is the thousands digit of 26320467?
0
What is the millions digit of 2304608398?
4
What is the millions digit of 4144606663?
4
What is the hundreds digit of 523905285?
2
What is the hundred millions digit of 524287981?
5
What is the units digit of 207486741?
1
What is the hundred millions digit of 984302223?
9
What is the tens digit of 40592103?
0
What is the hundreds digit of 11752950?
9
What is the hundreds digit of 11482817?
8
What is the ten thousands digit of 110410743?
1
What is the thousands digit of 37151619?
1
What is the hundred millions digit of 1751333773?
7
What is the ten thousands digit of 2675460266?
6
What is the hundred thousands digit of 37519689?
5
What is the tens digit of 112099991?
9
What is the thousands digit of 608256507?
6
What is the hundreds digit of 417902?
9
What is the hundred thousands digit of 314462037?
4
What is the thousands digit of 66009992?
9
What is the ten thousands digit of 53539205?
3
What is the hundred millions digit of 2023443838?
0
What is the ten thousands digit of 26943111?
4
What is the tens digit of 235731749?
4
What is the hundred millions digit of 322472225?
3
What is the ten millions digit of 227259052?
2
What is the ten millions digit of 741694279?
4
What is the tens digit of 31830768?
6
What is the ten thousands digit of 31586981?
8
What is the millions digit of 241006602?
1
What is the hundred millions digit of 3160401163?
1
What is the hundreds digit of 36401865?
8
What is the billions digit of 5515936518?
5
What is the tens digit of 865428802?
0
What is the tens digit of 179526958?
5
What is the millions digit of 816388275?
6
What is the tens digit of 377795563?
6
What is the ten millions digit of 154219867?
5
What is the units digit of 32058184?
4
What is the thousands digit of 2123226644?
6
What is the tens digit of 1790596507?
0
What is the millions digit of 137605290?
7
What is the hundreds digit of 414903